 - 27)?
33
27 - 16 - (4 + 20 + -44)
31
What is (1 - 18) + 1689 + -1709?
-37
What is 3 + (23 - (19 + -13 + -8)) + -1?
27
What is the value of (-1 - (11 - -1)) + (90 + -90 - (1 - -5))?
-19
18 - (-15 + 52) - -19
0
What is (8 - -4) + -112 - 2 - (-16 - 2)?
-84
-85 + 151 - 59 - (2 - (7 - -2))
14
What is the value of -50 - (-56 - (-15 + 5))?
-4
-50 + 93 + (-43 - -15)
15
Evaluate -144 - (-83 - (-44 + (40 - 32))).
-97
Calculate (0 - -9) + (0 - -11 - 29).
-9
What is the value of (-3 - (3 + 3)) + (18 - (1 + -7)) + -15?
0
What is the value of 55 - (-121 - 37) - 106?
107
What is (323 + -367 - (-1 - 89)) + 96?
142
What is the value of 149 - (-23 + 214 + -116)?
74
Calculate 739 - 734 - (-22 + -3).
30
Calculate 23 + (-9 + (13 - 10) - (-1 - 1)).
19
What is the value of 50 - (21 + -27 + 29 + -8)?
35
Calculate -50 + 12 + 29 + -32.
-41
Evaluate -54 + 2 + 4 - (23 + -33 + -2).
-36
-6 - (-63 - (30 + -4))
83
-528 + 357 - (1 - 102)
-70
Evaluate 80 + -71 + (-6 - (2 + 1)).
0
Evaluate (-11 - (-7 - -5)) + 5 - (0 - -12).
-16
What is the value of 35 - (60 + -28) - -41?
44
(31 - (39 - 24)) + (10 - 54)
-28
-28 - (28 - 33) - (15 - -3)
-41
Calculate -11 + (25 - -30) + 25 + -32.
37
What is the value of 14 - (15 + 18 + -14) - (-90 - (1 - -2))?
88
Calculate (-5 + 39 - 28) + (-2 - -5) + -49.
-40
What is the value of -42 - (4 - 1 - 4) - (-75 + -17 - -82)?
-31
-5 - (-15 + (12 - 1) - (-3 + -5))
-9
Calculate -50 - (-89 + 47 - -47).
-55
16 - ((-1 - 22) + (-2 - -39))
2
Evaluate 0 + -54 + -19 + -16 - ((-5 - -2) + -5).
-81
What is ((-2 - -17) + 3 - (180 - 180)) + -40?
-22
What is (-3 - -9 - 8) + -6 + 2 + -15 + 7?
-14
What is the value of 41 + -11 + 11 + -3 + 3 + -1 + 3?
43
What is the value of (-32 - (3 + 8 + 10)) + (-1 + -2 - -3)?
-53
-39 - (-11 + (0 - (4 + -11)) + 8 + -8)
-35
Calculate 5 + (-3 - 8) + 12 + -112 + (7 - -4).
-95
What is -26 + 0 + -13 + -73 - -19?
-93
What is 80 - 0 - (-91 + 84 - -25)?
62
Calculate 0 + 1 - -4 - (49 + -31 + -20).
7
Evaluate 13 + (-18 - (7 + -7)) + 1 + -54.
-58
0 - (-68 + 6) - (-22 - -39)
45
Calculate 32 + -11 + 1 + -237 + 275.
60
Evaluate (10 - ((9 - -16) + -10)) + -18 + 2.
-21
-33 + -72 + 43 + 77 + -31 + -1
-17
Evaluate (-2 - -16) + (-212 - -152).
-46
What is the value of (-1 + 0 - -4) + (1010 - 1013) + 2 + -11?
-9
What is 34 + -1 + 16036 + -16006?
63
What is the value of 20 + -24 + 80 + -34?
42
Evaluate 4 + 51 + -107 + 35.
-17
-2 + (28 - 0 - (-15 - (-38 + 9)))
12
What is -57 + 14 + 45 - (5 + 2)?
-5
Evaluate 22 + (-49 + 29 - (-9 - 1)) + -4 + 72.
80
What is -3 + 21 + 12 + -8 + 7 + -2?
27
-5 + 7 - ((-28 + 11 - 3) + 32)
-10
What is the value of -21 + 9 - ((5 - -9) + -33)?
7
-32 - (8 - (-83 - -42 - -107))
26
(-7 - -21 - 48) + 14 - -35
15
What is the value of -3 - (-35 - -11) - (40 - 15)?
-4
Evaluate -3 - -15 - ((40 - (32 - 14)) + -108).
98
(-24 - 7) + -15 - (-15 + (-7 - -10))
-34
What is (77 - 62) + (20 - 24) + -65?
-54
What is (-43 - -66) + -39 + 10 + (12 - 1)?
5
Evaluate (3 - (-2 + (0 - 1))) + (51 - -53 - 205).
-95
Evaluate 118 - 2 - (-1051 + 1084 - (-1 - -37)).
119
What is -79 + 29 - (5 - 15)?
-40
-59 + (11 - -5 - 1) - -16 - 13
-41
What is the value of -1 - (2 + -1) - (135 - 188)?
51
What is the value of (21 + -13 - -34) + (3 - 0) + -8 + -1?
36
-9 - -8 - (-22 + 14 - -55 - -6)
-54
Calculate 20 - (6 - -5 - 19 - (-1 - 11)).
16
Calculate 5 - (-6 + 8 + -15 - -59).
-41
Evaluate -66 - (-2 - (-41 + 46 - ((6 - -1) + -5))).
-61
-3 + 8 - (-133 + 81)
57
Evaluate -19 + (1 - (23 - 36)) + -5.
-10
Evaluate -144 + 41 + 104 + (0 - (-1 + 77)).
-75
28 + -87 - -13 - (15 + -3) - (-5 - -6)
-59
What is the value of 6 + (-320 - -239 - (-2 - 20))?
-53
Evaluate (40 - (60 + -17) - (-147 + 3)) + -17.
124
-18 + -54 + 45 - 17
-44
-58 + -7 - -20 - (-6 - -5 - 10)
-34
-8 + 59 + -338 + 314
27
Calculate -94 + 65 - -46 - (-20 - 1).
38
Calculate -64 + 0 + -4 + (1174 - 1205).
-99
Calculate (12 - (-24 + -7 - 12)) + -5 + -1.
49
What is the value of (459 - 393) + 34 + 1?
101
Calculate (39 - (37 - -15 - -7)) + 1.
-19
Calculate -5 + (-36 - (1 - 27)).
-15
Evaluate 29 - -2 - (-66 - (112 + -63)).
146
What is the value of -40 + 21 + 5 + -10 + 18 + -101?
-107
Calculate 2 - (45 + -1) - 2 - (-122 - -246 - 122).
-46
What is (10 - -23) + (32 - -41 - 28)?
78
Evaluate -16 - (17 + (0 - (16 + -16))).
-33
Calculate -144 + 156 + 2 + -4 - (5 - -12).
-7
14 + (41 - 0 - (34 + -34))
55
-7 + (205 - 108 - 54 - (-5 + 1 - 1))
41
What is (399 - 388) + 0 + -15?
-4
Calculate (-1 + (2 - -58) - 13) + -15.
31
What is the value of -5 - (10 + (-10 - ((-10 - 4) + (3 - -53))))?
37
Evaluate 81 - (-18 - -24 - -20).
55
Evaluate (148 + -88 - (-11 - 1)) + -8 + -1 + 7.
70
Calculate 1 + -100 + (-3956 - -4034).
-21
Evaluate -61 + 80 + 2 - 75.
-54
Calculate 11 + 1 + (-6 + (30 - 31) - 34).
-29
What is (2 - -21) + -182 + 180 + -9 + -9?
3
-1 + -23 - (23 - 100 - -4)
49
What is the value of -95 + 12 + (53 - 28)?
-58
Evaluate -26 - (19 + -13 + -19).
-13
Evaluate 5 + 2 + (0 - -2) + (7 - 16) + -31.
-31
Calculate 18 + 6 + (-25 + 6 + -4 - -11).
12
2 + (0 - 1) - ((157 - 146) + 16)
-26
127 - 1 - (3677 + -3592)
41
What is the value of 14 + -8 + (50 - (-10 - -15 - 1))?
52
What is the value of 23 + -115 + 83 - (1 + (95 - (1 + 1)))?
-103
What is the value of -43 + 86 - 71 - -53?
25
Calculate -3 + -6 + -12 - (-16 + -29).
24
What is 5 + 2 + 5 + -19 + -1191 + 1316?
118
What is (-8 - (17 + -8 + -19)) + (-10 - 5 - 21)?
-34
Evaluate 35 + -26 + 38 + 28 + -39.
36
Calculate -6 - ((-47 - (1 - 11)) + 12) - 41.
-22
What is 20 - (5 + 9 + (-182 - -150))?
38
What is -18 - 36 - -63 - (0 - -39)?
-30
What is (3 + -8 - (-10 + -8)) + 1 + 3?
17
What is the value of -15 + (1 - -17 - (-359 - -388))?
-26
Calculate 1 + 2 + -47 - (-30 + 58 - 20).
-52
Calculate -31 - -51 - 36 - -33.
17
What is the value of 89 + (145 + -132 - (35 - 0))?
67
(-2 - -7) + (-18 - (4 + -14) - -34)
31
What is 14 - (-17 + 21) - (3 - (0 - 0)) - 33?
-26
What is 44 + (6 - (36 + 11 + -4))?
7
Calculate -23 - (31 + (3 - (44 - 1))) - (-56 + 1).
41
What is the value of (-9 + -1 - (48 + -60)) + -5 + 11 + -66?
-58
What is the value of -12 + (40 - (-11 + 28)) + (1 - -15)?
27
What is the value of (-15 - (0 + 2)) + (-15 - -97 - -47)?
112
What is (14 + 31 - 45) + (43 - (-3 - -2))?
44
(21 + -73 - -19) + -5
-38
3 + -3 + 4 + 1 - (-106 - -123)
-12
-9 + ((-3 - (-4 - -1)) + 21 + -26 - 7)
-21
What is 132 + 12 + -138 + -131?
-125
(112 - 24 - 37) + -87
-36
-6 + (2 + -2 - 8) + 93 + -80
-1
What is -10 - (-61 - -66 - (44 - (2 + -4 + 3)))?
28
-123 + -69 - -113 - 47
-126
What is the value of (-314 - -224) + (3 - 11 - -8)?
-90
What is the value of 136 - 111 - (17 + 0)?
8
What is the value of 2193 + -2210 + 135 + 9?
127
What is the value of 55 - (79 + 11 + -105)?
70
(-15 - 0 - -33) + -31 + -23
-36
13 + (44 - (-43 - -106))
-6
Calculate 1 - (9 + -1) - ((17 - 17) + 15 + -42).
20
Evaluate -49 + 47 + (-83 - -9) + 11.
-65
Calculate -10 + -51 + -21 + 17 + 24.
-41
11 - (5 - 3) - (-493 + 495)
7
Calculate (-7 - (-1 + 3 + -1)) + (-13 - -42 - 11).
10
What is the value of 13 + -55 + 52 + -53?
-43
Calculate (-3 - (-7 - (-12 + 7)) - -2 - 6) + 61.
56
-2 + (-1 - -13) - ((-1 - 26) + -64 + 68)
33
What is the value of -2 + 12 + 2 - (0 - (54 - 47)) - -6?
25
3125 + -3122 + 15 + 0
18
What is -2 + 18 + 17 + -5 + -7?
21
What is the value of (0 - -8) + -11 - 3 - (128 - (-31 - -28))?
-137
What is the value of -14 + (-30 + 34 - 8)?
-18
Evaluate (7 + -1 - 13) + 37 + -49.
-19
What is (19 - (16 + 2 + -2)) + -11?
-8
What is (-24 + 2 - -55) + -17 + 0 - 46?
-30
What is the value of 22 - (-16 + 0 + 8 + 19)?
11
(-10 - (-1 + -10 + 9) - -4) + 22 + 5
23
-3 - (5 + -8 + -127) - (181 - 193)
139
Calculate (0 + 11 + 79 - 15) + (-39 - -28).
64
Calculate 30 + -18 - 27 - -12 - (1 + 1 + 8).
-13
Calculate -83 - -75 - (14 + 7 + -12 + 6).
-23
Evaluate 80 + (-17 - (18 - 48)).
93
75 + 1 + 851 + -886 + (0 - 6)
35
Calculate -3 + -3 + 41 + -20 - 25.
-10
Calculate (5 - (-1 + 2)) + -1 - (50 - (27 - 12)).
-32
Calculate (-115 + -75 - -159) + 117 + 2.
88
Evaluate 10 + 4 + -25 + -51 + 17.
-45
-75 + 132 + -110 + 68
15
Calculate -2 + 44 + (1 - (-13 + 13)).
43
What is 22 - (17 + -15 - (-9 - -6) - 5)?
22
Evaluate -104 + (-75 - -100) + (14 + 1 + -3 - 2).
-69
Evaluate (-6 - -10) + -4 + 4 - (7 - -50).
-53
Evaluate -241 + (365 - 129) - (-2 + 1 + -9 + 1).
4
Calculate 16 - (7 - 1) - -8 - (52 + 37).
-71
What